{"id":830,"date":"2021-09-24T15:30:46","date_gmt":"2021-09-24T08:30:46","guid":{"rendered":"https:\/\/onesme.vn\/blog\/?page_id=830"},"modified":"2024-06-19T10:57:57","modified_gmt":"2024-06-19T03:57:57","slug":"quy-dinh-thanh-toan","status":"publish","type":"page","link":"https:\/\/onesme.vn\/blog\/quy-dinh-thanh-toan","title":{"rendered":"Quy \u0111\u1ecbnh thanh to\u00e1n"},"content":{"rendered":"\r\n<p style=\"text-align: justify;\"><strong>I.\u00a0QUY \u0110\u1ecaNH THANH TO\u00c1N<\/strong><\/p>\r\n\r\n\r\n\r\n<p style=\"text-align: justify;\"><strong>1.1<\/strong><strong>. Gi\u00e1 s\u1ea3n ph\u1ea9m<\/strong><\/p>\r\n\r\n\r\n\r\n<p style=\"text-align: justify;\">Kh\u00e1ch h\u00e0ng \u0111\u1ed3ng \u00fd s\u1ebd ch\u1ecbu tr\u00e1ch nhi\u1ec7m thanh to\u00e1n \u0111\u1ea7y \u0111\u1ee7 v\u00e0 \u0111\u00fang h\u1ea1n m\u1ecdi kho\u1ea3n c\u01b0\u1edbc ph\u00ed s\u1eed d\u1ee5ng d\u1ecbch v\u1ee5 v\u00e0 c\u00e1c l\u1ec7 ph\u00ed kh\u00e1c \u0111\u1ebfn h\u1ea1n thanh to\u00e1n li\u00ean quan \u0111\u1ebfn vi\u1ec7c s\u1eed d\u1ee5ng S\u1ea3n Ph\u1ea9m\/D\u1ecbch V\u1ee5 m\u00e0 B\u00ean cung c\u1ea5p d\u1ecbch v\u1ee5 t\u00ednh c\u01b0\u1edbc ph\u00ed.<\/p>\r\n\r\n\r\n\r\n<p style=\"text-align: justify;\">Gi\u00e1 ni\u00eam y\u1ebft tr\u00ean n\u1ec1n t\u1ea3ng oneSME l\u00e0 gi\u00e1 \u0111\u00e3 bao g\u1ed3m ho\u1eb7c ch\u01b0a bao g\u1ed3m thu\u1ebf gi\u00e1 tr\u1ecb gia t\u0103ng (GTGT). Gi\u00e1 c\u00f3 th\u1ec3 thay \u0111\u1ed5i t\u00f9y v\u00e0o th\u1eddi \u0111i\u1ec3m v\u00e0 ch\u01b0\u01a1ng tr\u00ecnh \u01b0u \u0111\u00e3i \u0111\u01b0\u1ee3c \u00e1p d\u1ee5ng v\u00e0 s\u1ebd th\u1ec3 hi\u1ec7n r\u00f5 r\u00e0ng tr\u00ean trang thanh to\u00e1n khi \u0110\u01a1n h\u00e0ng \u0111\u01b0\u1ee3c \u0111\u1eb7t.<\/p>\r\n\r\n\r\n\r\n<p style=\"text-align: justify;\"><strong>1.2.<\/strong> <strong>R\u00e0 so\u00e1t v\u00e0 x\u00e1c nh\u1eadn n\u1ed9i dung giao k\u1ebft thanh to\u00e1n<\/strong><\/p>\r\n\r\n\r\n\r\n<p style=\"text-align: justify;\">B\u00ean cung c\u1ea5p d\u1ecbch v\u1ee5\u00a0c\u00f3 c\u01a1 ch\u1ebf cho ph\u00e9p kh\u00e1ch h\u00e0ng r\u00e0 so\u00e1t, b\u1ed5 sung, s\u1eeda \u0111\u1ed5i v\u00e0 x\u00e1c nh\u1eadn n\u1ed9i dung giao d\u1ecbch tr\u01b0\u1edbc khi s\u1eed d\u1ee5ng ch\u1ee9c n\u0103ng \u0111\u1eb7t h\u00e0ng tr\u1ef1c tuy\u1ebfn \u0111\u1ec3 g\u1eedi \u0111\u1ec1 ngh\u1ecb giao k\u1ebft thanh to\u00e1n. C\u01a1 ch\u1ebf r\u00e0 so\u00e1t v\u00e0 x\u00e1c nh\u1eadn n\u00e0y \u0111\u00e3 \u0111\u00e1p \u1ee9ng c\u00e1c \u0111i\u1ec1u ki\u1ec7n sau:<\/p>\r\n\r\n\r\n\r\n<p style=\"text-align: justify;\"><strong>Hi\u1ec3n th\u1ecb cho kh\u00e1ch h\u00e0ng nh\u1eefng th\u00f4ng tin sau:<\/strong><\/p>\r\n\r\n\r\n\r\n<p style=\"text-align: justify;\">a) T\u00ean s\u1ea3n ph\u1ea9m ho\u1eb7c d\u1ecbch v\u1ee5, s\u1ed1 l\u01b0\u1ee3ng, gi\u00e1 c\u1ea3 (\u0111\u00e3\/ch\u01b0a bao g\u1ed3m thu\u1ebf GTGT);<\/p>\r\n\r\n\r\n\r\n<p style=\"text-align: justify;\">b) T\u1ed5ng gi\u00e1 tr\u1ecb c\u1ee7a h\u1ee3p \u0111\u1ed3ng v\u00e0 c\u00e1c chi ti\u1ebft li\u00ean quan \u0111\u1ebfn ph\u01b0\u01a1ng th\u1ee9c thanh to\u00e1n \u0111\u01b0\u1ee3c kh\u00e1ch h\u00e0ng l\u1ef1a ch\u1ecdn.<\/p>\r\n\r\n\r\n\r\n<p style=\"text-align: justify;\">c) \u0110\u1ecba ch\u1ec9 tri\u1ec3n khai cung c\u1ea5p S\u1ea3n ph\u1ea9m\/D\u1ecbch v\u1ee5 (\u0111\u1ed1i v\u1edbi s\u1ea3n ph\u1ea9m d\u1ecbch v\u1ee5 li\u00ean quan \u0111\u1ebfn h\u1ea1 t\u1ea7ng, vi\u1ec5n th\u00f4ng)<\/p>\r\n\r\n\r\n\r\n<p style=\"text-align: justify;\">Nh\u1eefng th\u00f4ng tin n\u00e0y c\u00f3 kh\u1ea3 n\u0103ng l\u01b0u tr\u1eef, in \u1ea5n v\u00e0 hi\u1ec3n th\u1ecb \u0111\u01b0\u1ee3c v\u1ec1 sau.<\/p>\r\n\r\n\r\n\r\n<ul class=\"wp-block-list\" style=\"text-align: justify;\">\r\n<li>Hi\u1ec3n th\u1ecb cho kh\u00e1ch h\u00e0ng nh\u1eefng th\u00f4ng tin v\u1ec1 c\u00e1ch th\u1ee9c tr\u1ea3 l\u1eddi ch\u1ea5p nh\u1eadn \u0111\u1ec1 ngh\u1ecb giao k\u1ebft h\u1ee3p \u0111\u1ed3ng.<\/li>\r\n<li>Th\u00f4ng b\u00e1o v\u1ec1 vi\u1ec7c k\u00fd k\u1ebft h\u1ee3p \u0111\u1ed3ng th\u00f4ng qua h\u1ec7 th\u1ed1ng email tr\u1ea3 l\u1eddi t\u1ef1 \u0111\u1ed9ng c\u1ee7a B\u00ean cung c\u1ea5p d\u1ecbch v\u1ee5 t\u1edbi email kh\u00e1ch h\u00e0ng \u0111\u00e3 \u0111\u0103ng k\u00fd.<\/li>\r\n<li>Cho ph\u00e9p kh\u00e1ch h\u00e0ng sau khi r\u00e0 so\u00e1t nh\u1eefng th\u00f4ng tin tr\u00ean \u0111\u01b0\u1ee3c l\u1ef1a ch\u1ecdn h\u1ee7y giao d\u1ecbch ho\u1eb7c x\u00e1c nh\u1eadn vi\u1ec7c \u0111\u1ec1 ngh\u1ecb giao k\u1ebft h\u1ee3p \u0111\u1ed3ng th\u00f4ng qua trang website.<\/li>\r\n<\/ul>\r\n\r\n\r\n\r\n<p style=\"text-align: justify;\"><strong>II. H\u00ccNH TH\u1ee8C THANH TO\u00c1N<\/strong><\/p>\r\n\r\n\r\n\r\n<p style=\"text-align: justify;\">2.1. Kh\u00e1ch h\u00e0ng c\u00f3 quy\u1ec1n thanh to\u00e1n \u0110\u01a1n \u0110\u1eb7t H\u00e0ng b\u1eb1ng ph\u01b0\u01a1ng th\u1ee9c thanh to\u00e1n sau:<\/p>\r\n\r\n\r\n\r\n<p style=\"text-align: justify;\">a. \u0110\u1eb7t h\u00e0ng tr\u1ef1c tuy\u1ebfn b\u1eb1ng th\u1ebb t\u00edn d\u1ee5ng\/Ghi n\u1ee3, th\u1ebb ng\u00e2n h\u00e0ng n\u1ed9i \u0111\u1ecba (ATM)<\/p>\r\n\r\n\r\n\r\n<p style=\"text-align: justify;\">b. \u0110\u1eb7t h\u00e0ng tr\u1ef1c tuy\u1ebfn th\u00f4ng qua v\u00ed \u0111i\u1ec7n t\u1eed VNPT Pay c\u00f3 tr\u00ean n\u1ec1n T\u1ea3ng oneSME.<\/p>\r\n\r\n\r\n\r\n<p style=\"text-align: justify;\">c. \u0110\u1eb7t h\u00e0ng tr\u1ef1c tuy\u1ebfn thanh to\u00e1n b\u1eb1ng h\u00ecnh th\u1ee9c chuy\u1ec3n kho\u1ea3n.<\/p>\r\n\r\n\r\n\r\n<p style=\"text-align: justify;\">d. \u0110\u1eb7t h\u00e0ng tr\u1ef1c tuy\u1ebfn thanh to\u00e1n ti\u1ec1n m\u1eb7t.<\/p>\r\n\r\n\r\n\r\n<p style=\"text-align: justify;\">2.2. Kh\u00e1ch h\u00e0ng c\u00f3 th\u1ec3 thay \u0111\u1ed5i k\u00eanh thanh to\u00e1n tr\u01b0\u1edbc khi th\u1ef1c hi\u1ec7n thanh to\u00e1n.<\/p>\r\n\r\n\r\n\r\n<p style=\"text-align: justify;\">2.3. T\u1ea5t c\u1ea3 th\u00f4ng tin c\u1ee7a kh\u00e1ch h\u00e0ng giao d\u1ecbch tr\u00ean oneSME qua th\u1ebb t\u00edn d\u1ee5ng ho\u1eb7c th\u1ebb ng\u00e2n h\u00e0ng ho\u1eb7c v\u00ed \u0111i\u1ec7n t\u1eed \u0111\u1ec1u \u0111\u01b0\u1ee3c b\u1ea3o m\u1eadt th\u00f4ng tin b\u1eb1ng m\u00e3 h\u00f3a. B\u00ean c\u1ea1nh \u0111\u00f3, khi th\u1ef1c hi\u1ec7n thanh to\u00e1n tr\u1ef1c tuy\u1ebfn, kh\u00e1ch h\u00e0ng vui l\u00f2ng l\u01b0u \u00fd c\u00e1c chi ti\u1ebft sau:<\/p>\r\n\r\n\r\n\r\n<p style=\"text-align: justify;\">a.\u00a0 Ch\u1ec9 thanh to\u00e1n tr\u00ean c\u00e1c website, \u1ee9ng d\u1ee5ng c\u00f3 ch\u1ee9ng ch\u1ec9 an to\u00e0n, b\u1ea3o m\u1eadt h\u1ec7 th\u1ed1ng th\u1ebb.<\/p>\r\n\r\n\r\n\r\n<p style=\"text-align: justify;\">b.\u00a0 Tuy\u1ec7t \u0111\u1ed1i kh\u00f4ng cho ng\u01b0\u1eddi kh\u00e1c m\u01b0\u1ee3n th\u1ebb t\u00edn d\u1ee5ng, th\u1ebb ng\u00e2n h\u00e0ng c\u1ee7a m\u00ecnh \u0111\u1ec3 th\u1ef1c hi\u1ec7n thanh to\u00e1n tr\u00ean oneSME; trong tr\u01b0\u1eddng h\u1ee3p ph\u00e1t sinh giao d\u1ecbch ngo\u00e0i \u00fd mu\u1ed1n, kh\u00e1ch h\u00e0ng vui l\u00f2ng th\u00f4ng b\u00e1o ngay l\u1eadp t\u1ee9c \u0111\u1ec3 B\u00ean cung c\u1ea5p d\u1ecbch v\u1ee5 c\u00f3 th\u1ec3 h\u1ed7 tr\u1ee3 k\u1ecbp th\u1eddi.<\/p>\r\n\r\n\r\n\r\n<p style=\"text-align: justify;\">c.\u00a0 Ki\u1ec3m tra th\u1ebb t\u00edn d\u1ee5ng, th\u1ebb ng\u00e2n h\u00e0ng c\u1ee7a m\u00ecnh th\u01b0\u1eddng xuy\u00ean \u0111\u1ec3 \u0111\u1ea3m b\u1ea3o t\u1ea5t c\u1ea3 giao d\u1ecbch qua th\u1ebb \u0111\u1ec1u n\u1eb1m trong t\u1ea7m ki\u1ec3m so\u00e1t c\u1ee7a kh\u00e1ch h\u00e0ng.<\/p>\r\n","protected":false},"excerpt":{"rendered":"<p>I.\u00a0QUY \u0110\u1ecaNH THANH TO\u00c1N 1.1. Gi\u00e1 s\u1ea3n ph\u1ea9m Kh\u00e1ch h\u00e0ng \u0111\u1ed3ng \u00fd s\u1ebd ch\u1ecbu tr\u00e1ch nhi\u1ec7m thanh to\u00e1n \u0111\u1ea7y \u0111\u1ee7 v\u00e0 \u0111\u00fang h\u1ea1n m\u1ecdi kho\u1ea3n c\u01b0\u1edbc ph\u00ed s\u1eed d\u1ee5ng d\u1ecbch v\u1ee5 v\u00e0 c\u00e1c l\u1ec7 ph\u00ed kh\u00e1c \u0111\u1ebfn h\u1ea1n thanh to\u00e1n li\u00ean quan \u0111\u1ebfn vi\u1ec7c s\u1eed d\u1ee5ng S\u1ea3n Ph\u1ea9m\/D\u1ecbch V\u1ee5 m\u00e0 B\u00ean cung c\u1ea5p d\u1ecbch v\u1ee5 [&hellip;]<\/p>\n","protected":false},"author":27,"featured_media":0,"parent":0,"menu_order":0,"comment_status":"closed","ping_status":"closed","template":"","meta":{"footnotes":""},"class_list":["post-830","page","type-page","status-publish"],"_links":{"self":[{"href":"https:\/\/onesme.vn\/blog\/wp-json\/wp\/v2\/pages\/830","targetHints":{"allow":["GET"]}}],"collection":[{"href":"https:\/\/onesme.vn\/blog\/wp-json\/wp\/v2\/pages"}],"about":[{"href":"https:\/\/onesme.vn\/blog\/wp-json\/wp\/v2\/types\/page"}],"author":[{"embeddable":true,"href":"https:\/\/onesme.vn\/blog\/wp-json\/wp\/v2\/users\/27"}],"replies":[{"embeddable":true,"href":"https:\/\/onesme.vn\/blog\/wp-json\/wp\/v2\/comments?post=830"}],"version-history":[{"count":3,"href":"https:\/\/onesme.vn\/blog\/wp-json\/wp\/v2\/pages\/830\/revisions"}],"predecessor-version":[{"id":7826,"href":"https:\/\/onesme.vn\/blog\/wp-json\/wp\/v2\/pages\/830\/revisions\/7826"}],"wp:attachment":[{"href":"https:\/\/onesme.vn\/blog\/wp-json\/wp\/v2\/media?parent=830"}],"curies":[{"name":"wp","href":"https:\/\/api.w.org\/{rel}","templated":true}]}}